f 72?
7
What is the units digit of 3468?
8
What is the hundreds digit of 46818?
8
What is the tens digit of 2209?
0
What is the units digit of 22059?
9
What is the hundreds digit of 4241?
2
What is the thousands digit of 28116?
8
What is the thousands digit of 2661?
2
What is the tens digit of 2650?
5
What is the tens digit of 4190?
9
What is the tens digit of 3886?
8
What is the units digit of 9729?
9
What is the hundreds digit of 2295?
2
What is the tens digit of 1049?
4
What is the units digit of 586?
6
What is the tens digit of 67839?
3
What is the tens digit of 836?
3
What is the units digit of 2853?
3
What is the units digit of 29655?
5
What is the tens digit of 52023?
2
What is the tens digit of 131?
3
What is the units digit of 3077?
7
What is the hundreds digit of 3381?
3
What is the units digit of 356?
6
What is the units digit of 3552?
2
What is the hundreds digit of 1020?
0
What is the thousands digit of 21615?
1
What is the hundreds digit of 1186?
1
What is the tens digit of 6096?
9
What is the tens digit of 3101?
0
What is the units digit of 13086?
6
What is the units digit of 703?
3
What is the units digit of 12452?
2
What is the hundreds digit of 10088?
0
What is the tens digit of 377?
7
What is the units digit of 77480?
0
What is the units digit of 3659?
9
What is the ten thousands digit of 10935?
1
What is the hundreds digit of 16067?
0
What is the tens digit of 103342?
4
What is the units digit of 1131?
1
What is the ten thousands digit of 51517?
5
What is the hundreds digit of 1003?
0
What is the hundreds digit of 5406?
4
What is the hundreds digit of 10272?
2
What is the hundreds digit of 81465?
4
What is the hundreds digit of 1452?
4
What is the tens digit of 1679?
7
What is the units digit of 144?
4
What is the units digit of 22861?
1
What is the units digit of 4058?
8
What is the units digit of 6860?
0
What is the hundreds digit of 755?
7
What is the thousands digit of 1357?
1
What is the tens digit of 531?
3
What is the tens digit of 1244?
4
What is the units digit of 21787?
7
What is the thousands digit of 4890?
4
What is the ten thousands digit of 69409?
6
What is the units digit of 300?
0
What is the units digit of 47491?
1
What is the units digit of 31785?
5
What is the thousands digit of 2336?
2
What is the hundreds digit of 952?
9
What is the thousands digit of 4096?
4
What is the units digit of 1247?
7
What is the units digit of 957?
7
What is the thousands digit of 19241?
9
What is the units digit of 249?
9
What is the hundreds digit of 29063?
0
What is the thousands digit of 2700?
2
What is the tens digit of 2423?
2
What is the hundreds digit of 19906?
9
What is the hundreds digit of 54988?
9
What is the hundreds digit of 158459?
4
What is the tens digit of 32426?
2
What is the ten thousands digit of 64423?
6
What is the thousands digit of 1011?
1
What is the thousands digit of 40921?
0
What is the tens digit of 2243?
4
What is the thousands digit of 180867?
0
What is the ten thousands digit of 16506?
1
What is the units digit of 525?
5
What is the tens digit of 170103?
0
What is the tens digit of 1867?
6
What is the thousands digit of 93363?
3
What is the units digit of 113023?
3
What is the tens digit of 1307?
0
What is the units digit of 45921?
1
What is the hundreds digit of 2227?
2
What is the hundreds digit of 15338?
3
What is the hundreds digit of 145205?
2
What is the thousands digit of 30071?
0
What is the ten thousands digit of 10427?
1
What is the hundreds digit of 2130?
1
What is the hundreds digit of 296?
2
What is the ten thousands digit of 23073?
2
What is the units digit of 1543?
3
What is the tens digit of 14754?
5
What is the tens digit of 37793?
9
What is the units digit of 910?
0
What is the tens digit of 80671?
7
What is the ten thousands digit of 81681?
8
What is the tens digit of 577?
7
What is the tens digit of 4475?
7
What is the tens digit of 5471?
7
What is the tens digit of 2262?
6
What is the thousands digit of 1912?
1
What is the thousands digit of 142345?
2
What is the tens digit of 48764?
6
What is the tens digit of 6188?
8
What is the units digit of 969?
9
What is the hundreds digit of 5297?
2
What is the thousands digit of 7604?
7
What is the units digit of 496?
6
What is the tens digit of 1509?
0
What is the tens digit of 12686?
8
What is the tens digit of 33114?
1
What is the thousands digit of 3193?
3
What is the hundreds digit of 46340?
3
What is the units digit of 155462?
2
What is the units digit of 1190?
0
What is the hundreds digit of 1602?
6
What is the hundreds digit of 18403?
4
What is the tens digit of 995?
9
What is the tens digit of 819?
1
What is the tens digit of 16150?
5
What is the tens digit of 4435?
3
What is the hundreds digit of 37866?
8
What is the tens digit of 5493?
9
What is the tens digit of 2468?
6
What is the hundreds digit of 106311?
3
What is the ten thousands digit of 20134?
2
What is the thousands digit of 5797?
5
What is the units digit of 6077?
7
What is the units digit of 3072?
2
What is the units digit of 2104?
4
What is the thousands digit of 11732?
1
What is the hundreds digit of 34630?
6
What is the thousands digit of 28133?
8
What is the hundreds digit of 1747?
7
What is the tens digit of 18699?
9
What is the units digit of 15738?
8
What is the ten thousands digit of 31246?
3
What is the thousands digit of 103526?
3
What is the tens digit of 3730?
3
What is the hundreds digit of 193?
1
What is the units digit of 4892?
2
What is the tens digit of 61820?
2
What is the tens digit of 707?
0
What is the hundreds digit of 3629?
6
What is the hundreds digit of 98964?
9
What is the units digit of 675?
5
What is the tens digit of 57348?
4
What is the hundreds digit of 3039?
0
What is the thousands digit of 4720?
4
What is the ten thousands digit of 14377?
1
What is the thousands digit of 3672?
3
What is the hundreds digit of 23184?
1
What is the thousands digit of 1278?
1
What is the ten thousands digit of 14076?
1
What is the tens digit of 9590?
9
What is the units digit of 4548?
8
What is the tens digit of 4459?
5
What is the tens digit of 973?
7
What is the tens digit of 117652?
5
What is the hundreds digit of 7643?
6
What is the units digit of 28150?
0
What is the tens digit of 2345?
4
What is the hundreds digit of 470?
4
What is the units digit of 7787?
7
What is the units digit of 1817?
7
What is the units digit of 5731?
1
What is the hundreds digit of 16380?
3
What is the tens digit of 521?
2
What is the ten thousands digit of 12485?
1
What is the hundreds digit of 3479?
4
What is the hundreds digit of 3939?
9
What is the ten thousands digit of 161053?
6
What is the thousands digit of 1540?
1
What is the units digit of 2319?
9
What is the tens digit of 611?
1
What is the hundreds digit of 64061?
0
What is the thousands digit of 12248?
2
What is the hundreds digit of 669?
6
What is the tens digit of 71?
7
What is the hundreds digit of 414?
4
What is the tens digit of 1535?
3
What is the hundreds digit of 8846?
8
What is the hundreds digit of 11343?
3
What is the units digit of 5906?
6
What is the units digit of 3009?
9
What is the ten thousands digit of 43852?
4
What is the hundred thousands digit of 103179?
1
What is the units digit of 2766?
6
What is the hundreds digit of 2483?
4
What is the tens digit of 14713?
1
What is the ten thousands digit of 42573?
4
What is the thousands digit of 3471?
3
What is the units digit of 6520?
0
What is the hundreds digit of 89873?
8
What is the units digit of 1705?
5
What is the tens digit of 17226?
2
What is the tens digit of 810?
1
What is the hundreds digit of 897?
8
What is the hundreds digit of 3460?
4
What is the units digit of 843?
3
What is the tens digit of 112595?
9
What is the units digit of 4628?
8
What is the thousands digit of 3078?
3
What is the tens digit of 896?
9
What is the tens digit of 5754?
5
What is the tens digit of 991?
9
What is the ten thousands digit of 108052?
0
What is the units digit of 6579?
9
What is the thousands digit of 32286?
2
What is the thousands digit of 2881?
2
What is the units digit of 346?
6
What is the tens digit of 2138?
3
What is the tens digit of 12426?
2
What is the hundreds digit of 614?
6
What is the hundreds digit of 10389?
3
What is the thousan